{"id":55,"date":"2025-06-17T22:41:45","date_gmt":"2025-06-17T22:41:45","guid":{"rendered":"https:\/\/port-captain.com\/?page_id=55"},"modified":"2025-07-20T00:08:03","modified_gmt":"2025-07-20T00:08:03","slug":"inicio","status":"publish","type":"page","link":"https:\/\/port-captain.com\/","title":{"rendered":"Inicio"},"content":{"rendered":"<p>[et_pb_section fb_built=\u00bb1&#8243; _builder_version=\u00bb4.27.4&#8243; _module_preset=\u00bbdefault\u00bb background_color=\u00bbRGBA(255,255,255,0)\u00bb use_background_color_gradient=\u00bbon\u00bb background_color_gradient_stops=\u00bbrgba(15,43,69,0.65) 0%|rgba(15,43,69,0.65) 100%\u00bb background_color_gradient_overlays_image=\u00bbon\u00bb background_image=\u00bbhttps:\/\/port-captain.com\/wp-content\/uploads\/2025\/06\/Hero-Port-Captain-bulk-carrier.jpg\u00bb min_height=\u00bb100vh\u00bb global_colors_info=\u00bb{}\u00bb][et_pb_row _builder_version=\u00bb4.27.4&#8243; _module_preset=\u00bbdefault\u00bb global_colors_info=\u00bb{}\u00bb][et_pb_column type=\u00bb4_4&#8243; _builder_version=\u00bb4.27.4&#8243; _module_preset=\u00bbdefault\u00bb global_colors_info=\u00bb{}\u00bb][et_pb_text _builder_version=\u00bb4.27.4&#8243; _module_preset=\u00bbdefault\u00bb text_font=\u00bbMontserrat||||||||\u00bb text_text_color=\u00bb#FFFFFF\u00bb text_font_size=\u00bb18px\u00bb text_letter_spacing=\u00bb0.5px\u00bb text_line_height=\u00bb1.6em\u00bb header_font=\u00bbMontserrat||||||||\u00bb header_text_color=\u00bb#FFFFFF\u00bb header_font_size=\u00bb36px\u00bb header_line_height=\u00bb1.2em\u00bb background_color=\u00bbrgba(67,73,73,0.02)\u00bb custom_margin=\u00bb10px||||false|false\u00bb custom_padding=\u00bb5px||0px||false|false\u00bb text_text_shadow_style=\u00bbpreset1&#8243; text_text_shadow_horizontal_length=\u00bb0.1em\u00bb text_text_shadow_blur_strength=\u00bb3px\u00bb text_text_shadow_color=\u00bbRGBA(0,0,0,0.5)\u00bb header_text_shadow_style=\u00bbpreset1&#8243; header_text_shadow_horizontal_length=\u00bb0.1em\u00bb header_text_shadow_blur_strength=\u00bb6px\u00bb header_text_shadow_color=\u00bbRGBA(0,0,0,0.5)\u00bb global_colors_info=\u00bb{}\u00bb header_text_shadow_color__hover_enabled=\u00bboff|desktop\u00bb]<\/p>\n<h1>Servicios de Port Captain LATAM<\/h1>\n<p>Coordinaci\u00f3n t\u00e9cnica, eficiencia operativa y seguridad mar\u00edtima 24\/7.<\/p>\n<p>[\/et_pb_text][et_pb_button button_url=\u00bb#contacto\u00bb button_text=\u00bbSOLICITE ASESOR\u00cdA\u00bb button_alignment=\u00bbcenter\u00bb _builder_version=\u00bb4.27.4&#8243; _module_preset=\u00bbdefault\u00bb custom_button=\u00bbon\u00bb button_text_size=\u00bb18px\u00bb button_text_color=\u00bb#FFFFFF\u00bb button_bg_color=\u00bb#c8a25a\u00bb button_border_width=\u00bb0px\u00bb button_border_color=\u00bb#FFFFFF\u00bb button_border_radius=\u00bb8px\u00bb button_letter_spacing=\u00bb0px\u00bb button_font=\u00bbRubik||||||||\u00bb button_icon_color=\u00bb#FFFFFF\u00bb custom_margin=\u00bb-20px||||false|false\u00bb custom_margin_tablet=\u00bb-20px||||false|false\u00bb custom_margin_phone=\u00bb-20px||||false|false\u00bb custom_margin_last_edited=\u00bbon|desktop\u00bb custom_padding=\u00bb15px|30px|15px|30px|false|false\u00bb hover_enabled=\u00bb0&#8243; custom_css_main_element=\u00bbbackground-color: rgba(200,162,90,1);||color: #ffffff;||border: none;||border-radius: 8px;||box-shadow: 0 2px 6px rgba(0,0,0,0.12);||transition: all .3s ease;||\u00bb custom_css_after=\u00bbbackground-color: rgba(37,54,69,1);||transform: scale(1.03);||\u00bb custom_css_free_form=\u00bb\/* Animaci\u00f3n de flecha en el bot\u00f3n CTA *\/||selector .et_pb_button_icon {||  transition: transform .3s ease;||}||||selector:hover .et_pb_button_icon {||  transform: translateX(4px);   \/* desliza 4 px a la derecha *\/||}||||\u00bb box_shadow_style=\u00bbpreset2&#8243; global_colors_info=\u00bb{}\u00bb button_bg_color__hover_enabled=\u00bbon|hover\u00bb button_bg_color__hover=\u00bb#253645&#8243; button_bg_enable_color__hover=\u00bbon\u00bb sticky_enabled=\u00bb0&#8243;][\/et_pb_button][\/et_pb_column][\/et_pb_row][et_pb_row custom_padding_last_edited=\u00bbon|desktop\u00bb _builder_version=\u00bb4.27.4&#8243; _module_preset=\u00bbdefault\u00bb background_color=\u00bbRGBA(255,255,255,0)\u00bb custom_margin=\u00bb||||false|false\u00bb custom_padding=\u00bb80px|||10px|false|false\u00bb custom_padding_tablet=\u00bb60px||||false|false\u00bb custom_padding_phone=\u00bb40px||||false|false\u00bb global_colors_info=\u00bb{}\u00bb][et_pb_column type=\u00bb4_4&#8243; _builder_version=\u00bb4.27.4&#8243; _module_preset=\u00bbdefault\u00bb global_colors_info=\u00bb{}\u00bb][et_pb_text _builder_version=\u00bb4.27.4&#8243; _module_preset=\u00bbdefault\u00bb text_font=\u00bbRubik|600|||||||\u00bb text_text_color=\u00bb#FFFFFF\u00bb text_font_size=\u00bb17px\u00bb header_2_font=\u00bbRubik||||||||\u00bb header_2_text_color=\u00bb#FFFFFF\u00bb header_2_line_height=\u00bb1.6em\u00bb text_orientation=\u00bbcenter\u00bb header_2_font_size_phone=\u00bb24px\u00bb header_2_font_size_last_edited=\u00bboff|phone\u00bb custom_css_before=\u00bbfont-weight: 600;||text-shadow: 0.3px 0.3px 0.5px rgba(0, 0, 0, 0.5);||\u00bb text_text_shadow_style=\u00bbpreset1&#8243; text_text_shadow_blur_strength=\u00bb10px\u00bb global_colors_info=\u00bb{}\u00bb]<\/p>\n<h2>\u00bfQui\u00e9nes somos?<\/h2>\n<p>[\/et_pb_text][et_pb_text disabled_on=\u00bbon|off|off\u00bb _builder_version=\u00bb4.27.4&#8243; _module_preset=\u00bbdefault\u00bb text_font=\u00bbRubik||||||||\u00bb text_text_color=\u00bb#FFFFFF\u00bb text_font_size=\u00bb16px\u00bb text_letter_spacing=\u00bb0.3px\u00bb text_orientation=\u00bbcenter\u00bb custom_margin=\u00bb20px||||false|false\u00bb custom_padding=\u00bb10px||10px||false|false\u00bb text_font_size_phone=\u00bb14px\u00bb text_font_size_last_edited=\u00bboff|phone\u00bb text_text_shadow_style=\u00bbpreset1&#8243; text_text_shadow_blur_strength=\u00bb3px\u00bb text_text_shadow_color=\u00bbrgba(0,0,0,0.5)\u00bb border_radii=\u00bbon|10px|10px|10px|10px\u00bb global_colors_info=\u00bb{}\u00bb]<\/p>\n<p>Expertos en coordinaci\u00f3n mar\u00edtima segura y eficiente para buques y puertos en LATAM. Nuestros Port Captain\u2019s lideran operaciones t\u00e9cnicas y portuarias desde el arribo hasta el zarpe, protegiendo sus intereses en cada etapa.<\/p>\n<p>Cont\u00e1ctenos hoy y optimice sus operaciones.<\/p>\n<p>[\/et_pb_text][et_pb_text disabled_on=\u00bboff|on|on\u00bb _builder_version=\u00bb4.27.4&#8243; _module_preset=\u00bbdefault\u00bb text_font=\u00bbRubik||||||||\u00bb text_text_color=\u00bb#FFFFFF\u00bb text_font_size=\u00bb16px\u00bb text_letter_spacing=\u00bb0.3px\u00bb text_orientation=\u00bbcenter\u00bb custom_margin=\u00bb20px||||false|false\u00bb custom_padding=\u00bb10px||10px||false|false\u00bb text_font_size_phone=\u00bb14px\u00bb text_font_size_last_edited=\u00bboff|phone\u00bb text_text_shadow_style=\u00bbpreset1&#8243; text_text_shadow_blur_strength=\u00bb3px\u00bb text_text_shadow_color=\u00bbrgba(0,0,0,0.5)\u00bb border_radii=\u00bbon|10px|10px|10px|10px\u00bb box_shadow_style=\u00bbpreset1&#8243; global_colors_info=\u00bb{}\u00bb]<\/p>\n<p>Coordinaci\u00f3n mar\u00edtima segura y eficiente en LATAM.<br \/>Supervisamos cada operaci\u00f3n desde el arribo hasta el zarpe, protegiendo sus intereses.<br \/>Cont\u00e1ctenos hoy.<\/p>\n<p>[\/et_pb_text][\/et_pb_column][\/et_pb_row][\/et_pb_section]<\/p>\n","protected":false},"excerpt":{"rendered":"<p>Servicios de Port Captain LATAM Coordinaci\u00f3n t\u00e9cnica, eficiencia operativa y seguridad mar\u00edtima 24\/7.\u00bfQui\u00e9nes somos?Expertos en coordinaci\u00f3n mar\u00edtima segura y eficiente para buques y puertos en LATAM. Nuestros Port Captain\u2019s lideran operaciones t\u00e9cnicas y portuarias desde el arribo hasta el zarpe, protegiendo sus intereses en cada etapa. Cont\u00e1ctenos hoy y optimice sus operaciones.Coordinaci\u00f3n mar\u00edtima segura y [&hellip;]<\/p>\n","protected":false},"author":1,"featured_media":0,"parent":0,"menu_order":0,"comment_status":"closed","ping_status":"closed","template":"","meta":{"_et_pb_use_builder":"on","_et_pb_old_content":"","_et_gb_content_width":"","footnotes":""},"class_list":["post-55","page","type-page","status-publish","hentry"],"_links":{"self":[{"href":"https:\/\/port-captain.com\/index.php\/wp-json\/wp\/v2\/pages\/55","targetHints":{"allow":["GET"]}}],"collection":[{"href":"https:\/\/port-captain.com\/index.php\/wp-json\/wp\/v2\/pages"}],"about":[{"href":"https:\/\/port-captain.com\/index.php\/wp-json\/wp\/v2\/types\/page"}],"author":[{"embeddable":true,"href":"https:\/\/port-captain.com\/index.php\/wp-json\/wp\/v2\/users\/1"}],"replies":[{"embeddable":true,"href":"https:\/\/port-captain.com\/index.php\/wp-json\/wp\/v2\/comments?post=55"}],"version-history":[{"count":2,"href":"https:\/\/port-captain.com\/index.php\/wp-json\/wp\/v2\/pages\/55\/revisions"}],"predecessor-version":[{"id":359,"href":"https:\/\/port-captain.com\/index.php\/wp-json\/wp\/v2\/pages\/55\/revisions\/359"}],"wp:attachment":[{"href":"https:\/\/port-captain.com\/index.php\/wp-json\/wp\/v2\/media?parent=55"}],"curies":[{"name":"wp","href":"https:\/\/api.w.org\/{rel}","templated":true}]}}